
-28
What is the value of 13 + (-13 - -4 - -12) + 5?
21
What is the value of (-11 + 7 - -11 - 11) + -8?
-12
Evaluate 6 - (9 + (-5 - -1) - 7).
8
-3 + 34 + 1 + -28
4
(96 - 80) + -1 + -11
4
What is (-4 - (0 + 8)) + 28?
16
What is the value of -11 - (-25 - (-20 - -6))?
0
3 - 9 - (-1 + -5 + -6)
6
What is 0 - (3 + 1) - (9 + -16 + 5)?
-2
1 + (-8 - -10) + 6 + -3
6
What is the value of -21 + (34 - (5 + 6))?
2
Evaluate -9 - ((-3 - 5) + (-23 - -13)) - 5.
4
What is 63 - 25 - 23 - (0 - -3) - 39?
-27
What is 12 + -3 - (2 + 0) - 11 - -10?
6
What is 7 + (6 - -4) + -2 + -3?
12
(-4 - (8 + -18)) + (-1 - (0 - -16))
-11
-5 + 18 + (-14 - 0) + (46 - 39)
6
(-4 - 11) + -5 + 10
-10
What is -11 - (-4 - -15 - (11 - (-16 - -22)))?
-17
What is -58 - (-4 + -60 + 32)?
-26
Evaluate -5 - 23 - (6 + -1 + -11) - -3.
-19
What is (13 - (-2 + 8)) + -39 + 28 - 31?
-35
What is -12 - (10 + (-2 - -12) + -9)?
-23
Calculate (35 - 12 - 19) + 11.
15
Calculate -29 + 9 - (-12 + 0) - -18.
10
-15 - 10 - (-5 + -8 + (-2 - -8))
-18
Calculate 1 + -6 + 4 - -7 - (0 + -6).
12
What is the value of (8 - (-3 - -1 - -4) - -1) + 13?
20
Calculate (1 + 6 - (13 + -3)) + 7.
4
What is the value of 2 - -4 - (18 + -32 + 8)?
12
Evaluate 18 + 14 + (-9 - 19).
4
Evaluate (-12 - -9) + (-12 - -7 - -3).
-5
What is 6 - 5 - -14 - (13 - (-3 - -8))?
7
Evaluate (2 - (-4 - 8 - -17)) + 14.
11
Evaluate 43 - (70 + -42) - (-1 + -10).
26
Calculate 7 + -2 - (-2 - -4) - (-28 - -27).
4
326 - 310 - ((4 - 1) + -1)
14
Calculate 49 + -66 - (-36 - (10 - 6)).
23
1 + -5 - -11 - (-3 - 7 - -5)
12
-28 - -21 - (9 + -2)
-14
Evaluate 9 + (10 - 10) + -16 + 26.
19
What is the value of -24 + (-2 - 19 - -33)?
-12
-2 - (-2 + -5 + -11 + 9)
7
Calculate (-12 - 2) + 20 - 6.
0
Evaluate -14 - (-5 - (-16 + -5 + 12)).
-18
What is the value of -1 - 1 - (-2 + 5 + (39 - 44))?
0
Calculate -34 + 16 + 50 + -32.
0
Evaluate (8 - 1 - 16 - 13) + (1 - -7).
-14
What is the value of -15 - ((15 - 26) + -20)?
16
What is the value of -1 - (0 + 0) - (81 + -81)?
-1
What is the value of (-1 + 5 - 5) + -4 + -2?
-7
31 + (-15 - (3 + 7))
6
What is 7 - (-4 + 41 + -14 + 8)?
-24
Evaluate 10 + 0 - (-31 - (-1 + -22)).
18
What is (2 - 13) + -3 - (-3 - (5 - 8))?
-14
What is the value of -174 - -209 - (63 + -3)?
-25
Calculate 16 + (-2 - (27 - 23)).
10
What is the value of -55 - (12 + -11) - -33?
-23
What is (12 - -3 - (27 + -24)) + (3 - 29)?
-14
-18 + 1 + 7 + -2 + 7
-5
-29 - 15 - (-32 + 16)
-28
1 - (-13 + -1 + (63 - 44))
-4
What is -13 - -8 - (6 - 4)?
-7
Calculate 4 + (-7 - -38) - 30.
5
What is the value of 7 - (-2 + 12 + 13 + -22)?
6
Evaluate 3 + -7 + 5 + (1 - -2).
4
What is 24 + -1 - (45 + (-23 - 16))?
17
Calculate (-7 - 1) + (-26 - -38) - -23.
27
What is the value of -8 - (-16 - -23 - -8 - 24)?
1
Evaluate (-3 + -11 + 8 - 0) + 1.
-5
What is -1 + 9 + 193 + -213?
-12
What is (1 + -10 - (-24 + 30 + -6)) + 27?
18
What is 0 + (-20 - (-8 + 8 - 15))?
-5
What is the value of -5 + 2 + -2 - (-55 + 58)?
-8
What is the value of (-3 - (-2 - -4)) + (224 - 213)?
6
Calculate (37 - 25 - (1 + 25)) + 3 + 12.
1
Evaluate 12 + (-28 - (28 - 43)).
-1
What is (-1 + -11 - -9) + -3 - (-11 + 1)?
4
Evaluate 34 + -14 - 29 - (0 + 14).
-23
What is (-2 - (-2 - -8)) + 6 + -6?
-8
What is -12 + (9 + -1 - (6 - -3))?
-13
What is the value of 41 - (-41 - (20 + -78))?
24
(-5 + -2 - -9 - 7) + 13 - -3
11
What is (-4 - (-4 + (-14 - -14))) + -8?
-8
What is -16 - (0 - 5 - (345 + -338))?
-4
Calculate -39 + (22 - 3) + 3.
-17
(2 - 21) + -13 + (40 - 22)
-14
What is the value of -12 + (0 - -16) - 6?
-2
What is the value of -371 - -323 - (0 - 36)?
-12
(2 - 3) + 8 + (7 - 56) + 20
-22
What is 864 + -843 + (3 - (1 - (0 + 1)))?
24
Evaluate 12 + -38 + 30 - (0 + 3).
1
(10 - 10) + -24 + (13 - -4)
-7
Calculate (4 - (0 - 1 - (28 + -36))) + 15.
12
What is the value of 2 + -3 + -6 - (25 - 32)?
0
(1 - 26) + 37 + -23
-11
What is the value of 12 - (46 - (13 + 8))?
-13
5 - (10 + 1 + (8 - (-6 - -19)))
-1
Evaluate -22 + -50 + 43 + (-4 - 0).
-33
Evaluate 1 + -2 + 18 + -24.
-7
What is the value of 2 + -8 + (13 - -6 - 36) + 0?
-23
Calculate -1 - 0 - (8 + 10 + -19) - 2.
-2
Calculate 1 - (1 - (4 + (7 - (-1 - -13)))).
-1
Calculate 2 + 15 + (-1 - 3) + -3.
10
What is -12 + -10 + 21 - (2 + -11)?
8
6 - (10 + 15 - (1 - -1 - -4))
-13
Evaluate (6 - 4) + -10 + 1.
-7
Evaluate (70 - 70) + (6 - 0) - -5.
11
What is 1 + 4 - (-326 - -323)?
8
Calculate -9 - (0 - ((-9 - -10) + -4)).
-12
Calculate -1 + 0 + 9 + (390 - 389).
9
Calculate 75 - -45 - 66 - (0 + 14).
40
Evaluate -27 + (12 - 19 - -14).
-20
Evaluate (-24 - -2) + (-5 + 21 - 6).
-12
What is 11 + -30 - -26 - 39?
-32
-45 + 73 + -36 + 2 + 38
32
55 - (7 - -21) - 28
-1
Evaluate 1 - 5 - (-14 + 13 + -6).
3
Calculate -2 + -2 + -27 - (-366 + 361).
-26
Calculate 42 - 51 - (5 - (-4 + (1 - 0))).
-17
What is 29 - (1 + 0 + -18 + -10 + 25)?
31
Evaluate -2 + 32 + 3 - (-21 - -49 - 19).
24
Calculate (-184 - -167) + -1 + 12 - 11.
-17
What is 17 + (-8 - (5 + 7))?
-3
-9 + 7 + 12 + -18 + 7
-1
What is -4 + 3 + 16 + 3 + -6?
12
3 + -9 + 12 + (1 - 2 - 20)
-15
What is 20 + (-14 - (19 + -19))?
6
What is the value of (1 - (-7 + -4 - -4)) + -7?
1
-7 + (-2 + -8 - (8 + -29 - 25))
29
(-1 - 3) + -156 + 172
12
What is the value of 0 + -14 - -32 - 5?
13
129 + -130 + (18 - 1)
16
What is the value of -6 - (5 - (-5 - (-31 + 5)))?
10
Evaluate 5 + 1 - (8 - -2).
-4
Evaluate (2 + -6 - 2 - 3) + -3.
-12
-15 - ((1 - 2) + -6 + (3203 - 3200))
-11
Evaluate 6 + (-14 - -13) - (4 + 0) - -2.
3
Evaluate 6 - (-2 + (-2 - -8 - (-5 + 0))).
-3
What is -18 + 12 - (-15 - -6 - 3) - -8?
14
What is 3 + 27 + -1 + -49?
-20
Evaluate (-11 - 18 - (-3 - 14)) + -7.
-19
What is the value of -1 - (7 - (6 - (-7 + 3)))?
2
What is (9 - -1) + (-9 - (-1 - 11))?
13
What is -12 + 0 + 19 + -3?
4
0 + -6 - ((49 - -48) + -113)
10
Calculate -2 - -4 - 7 - (2 - 21).
14
What is (-9 - -7) + 0 + (10 - 2 - -3)?
9
7 + (-8 - (-7 - -13 - 14)) + 5
12
What is the value of (-2 - 1) + (14 - (-44 - (-27 + 7)))?
35
What is the value of -18 - -12 - -39 - 15?
18
Evaluate 0 - (7 - -1 - (-50 + 58)).
0
What is the value of -25 + -28 + (26 - -13)?
-14
Calculate 2 - 5 - -9 - (3 - (-4 - -2)).
1
Calculate (24 - 29) + (5 - (1 - 5)).
4
10 + -5 - 14 - -21
12
Evaluate 5 + (3 - (-10 - -11)).
7
Calculate 7 - (1 + -2) - 5 - (2 - 0).
1
What is 21 + (33 - 16) + -72?
-34
-1 + 1 - -5 - (4 - 5 - -22)
-16
Evaluate (6 - 3) + -28 + (32 - (31 + -9)).
-15
Calculate 14 - (-18 - -4 - -5 - -1).
22
Evaluate -1 + (2 - -1) + -22 - (679 + -678).
-21
(11 - 6) + -9 + -21 + 1 + -2
-26
(-2 - -2) + -18 + (-85 - -95)
-8
Evaluate -1 - 0 - (510 + -482).
-29
-5 + 0 + (-4 - 3) + (10 - 8)
-10
Evaluate -22 - (-31 - (-38 - -17)).
-12
Evaluate 2 + -11 - (-1 - (-1 + 2)).
-7
What is the value of 3 + -11 + 22 + -12 - 23?
-21
Calculate (-6 - -16 - -1) + -11 - (12 - 1).
-11
Calculate 22 + -1 + 35 + -48.
8
Evaluate 14 - -1 - (-114 - -131).
-2
What is 216 + -200 + 4 + 2?
22
What is the value of 27 - (6 - (-5 - -2)) - 4?
14
13 - (-7 + 1 - ((-1 - 1) + -5))
12
Evaluate 10 + -15 + 15 + (-15 - -9).
4
What is -12 + (13 - -4 - 15)?
-10
4 + (25 - 3 - 13)
13
What is -2 - 1 - (36 - 52)?
13
What is the value of (11 + -1 - 20) + 2 + -14 + -8?
-30
(-19 - (14 - 26)) + -8
-15
Evaluate 34 - (29 + -4 + -6).
15
What is the value of 9 - (-17 - -36) - -18?
8
What is the value of (14 + -3 - -2) + -1 - (-7 + 8)?
11
What is the value of -8 - 3 - (13 - (-14 + 26))?
-12
What is -7 - ((-14 - -12) + 1) - (-6 - 0)?
0
-1134 + 1133 - (2 - -9)
-12
What is the value of (-143 - -132) + -7 + -10?
-28
Calculate -7 + 2 - (46 + -57).
6
14 + (15 - 11) + (-47 - 1)
-30
What is the value of -1289 - -1314 - (2 + 46)?
-23
What is the value of (22 - (79 + -30)) + 10?
-17
Evaluate -16 + -12 + 3 + -4 + (116 - 111).
-24
Calculate 3 - 4 - 1 - (-3 + 1 + 5).
-5
Evaluate (31 - (6 - -9)) + -7.
9
What is (-33 - -35) + (1 - (0 + 0) - -15)?
18
What is -29 - (3 - (-3 - (11 + -28)))?
-18
Calculate 9 - (11 - (16 + -15)).
-1
Calculate (0 - 0) + (0 - -2) + 108 + -103.
7
What is the value of (3 - (-5 + (9 - (-5 + 2)))) + -1?
-5
3 + 13 + -11 - -10 - 13
2
Calculate -48 + 3 + 2 - (-47 - -17 - -24).
-37
What is the value of 7 - (8 + (-12 - -6))?
5
What is 17 - (10 - (4 - 3 - -3))?
11
Calculate 24 - -12 - 23 - -9.
22
What is the value of 4 + -5 - (0 + -2 + (-3 - -10))?
-6
What is ((-29 - -23) + -16 - -10) + (-1 - -6)?
-7
What is 4 